 970271 is divided by 229.
227
Calculate the remainder when 1233176 is divided by 1020.
1016
What is the remainder when 708967 is divided by 623?
616
Calculate the remainder when 3071 is divided by 182.
159
What is the remainder when 3692 is divided by 525?
17
Calculate the remainder when 6786 is divided by 148.
126
What is the remainder when 3382 is divided by 20?
2
Calculate the remainder when 24412 is divided by 8128.
28
Calculate the remainder when 1823 is divided by 1078.
745
Calculate the remainder when 3413044 is divided by 273.
271
What is the remainder when 42649 is divided by 158?
147
Calculate the remainder when 20538 is divided by 6695.
453
Calculate the remainder when 37395 is divided by 193.
146
What is the remainder when 79879 is divided by 13302?
67
Calculate the remainder when 3587 is divided by 597.
5
Calculate the remainder when 8424 is divided by 109.
31
Calculate the remainder when 3527 is divided by 558.
179
What is the remainder when 5944 is divided by 2907?
130
Calculate the remainder when 713 is divided by 185.
158
Calculate the remainder when 908 is divided by 149.
14
Calculate the remainder when 3209 is divided by 95.
74
What is the remainder when 10530 is divided by 54?
0
Calculate the remainder when 13180 is divided by 6052.
1076
What is the remainder when 142 is divided by 29?
26
What is the remainder when 79584 is divided by 13262?
12
What is the remainder when 1346 is divided by 402?
140
What is the remainder when 796889 is divided by 30?
29
What is the remainder when 79108 is divided by 11289?
85
Calculate the remainder when 3148 is divided by 443.
47
Calculate the remainder when 409116 is divided by 61.
50
Calculate the remainder when 1599357 is divided by 170.
167
What is the remainder when 1327070 is divided by 18691?
9
What is the remainder when 58185 is divided by 13?
10
Calculate the remainder when 19473 is divided by 19393.
80
What is the remainder when 170 is divided by 7?
2
What is the remainder when 838 is divided by 21?
19
Calculate the remainder when 183433 is divided by 61142.
7
What is the remainder when 149500 is divided by 1159?
1148
Calculate the remainder when 1799345 is divided by 34.
31
What is the remainder when 9373 is divided by 2777?
1042
Calculate the remainder when 633854 is divided by 178.
174
Calculate the remainder when 4703 is divided by 55.
28
What is the remainder when 44819 is divided by 528?
467
What is the remainder when 79827 is divided by 47?
21
What is the remainder when 2908902 is divided by 415557?
3
What is the remainder when 55759 is divided by 17?
16
What is the remainder when 338241 is divided by 2?
1
Calculate the remainder when 48869 is divided by 707.
86
What is the remainder when 1622 is divided by 810?
2
What is the remainder when 12648 is divided by 632?
8
Calculate the remainder when 2166 is divided by 2155.
11
What is the remainder when 5685 is divided by 611?
186
Calculate the remainder when 7216 is divided by 111.
1
Calculate the remainder when 58643 is divided by 173.
169
What is the remainder when 16559 is divided by 263?
253
Calculate the remainder when 328123 is divided by 38.
31
What is the remainder when 4947126 is divided by 27?
24
What is the remainder when 11467 is divided by 157?
6
What is the remainder when 1872 is divided by 33?
24
Calculate the remainder when 295 is divided by 32.
7
What is the remainder when 374 is divided by 141?
92
Calculate the remainder when 29023 is divided by 203.
197
What is the remainder when 5516 is divided by 1789?
149
Calculate the remainder when 765790 is divided by 140.
130
Calculate the remainder when 230860 is divided by 28854.
28
What is the remainder when 7042 is divided by 308?
266
What is the remainder when 33982 is divided by 144?
142
What is the remainder when 459 is divided by 10?
9
What is the remainder when 96576 is divided by 33?
18
What is the remainder when 57635 is divided by 14?
11
What is the remainder when 1208715 is divided by 604342?
31
What is the remainder when 376 is divided by 339?
37
Calculate the remainder when 105773 is divided by 4.
1
What is the remainder when 4777 is divided by 177?
175
What is the remainder when 420991 is divided by 4?
3
Calculate the remainder when 1659 is divided by 218.
133
Calculate the remainder when 23142 is divided by 104.
54
What is the remainder when 8724 is divided by 718?
108
What is the remainder when 722991 is divided by 3?
0
Calculate the remainder when 6848 is divided by 564.
80
What is the remainder when 249385 is divided by 99?
4
Calculate the remainder when 2524 is divided by 1257.
10
Calculate the remainder when 32664 is divided by 15.
9
Calculate the remainder when 197 is divided by 37.
12
What is the remainder when 37600 is divided by 399?
94
Calculate the remainder when 57566 is divided by 318.
8
Calculate the remainder when 84503 is divided by 94.
91
What is the remainder when 376588 is divided by 376587?
1
Calculate the remainder when 60469 is divided by 5496.
13
Calculate the remainder when 18374 is divided by 4585.
34
Calculate the remainder when 60262 is divided by 547.
92
Calculate the remainder when 20434 is divided by 4085.
9
Calculate the remainder when 2809 is divided by 865.
214
What is the remainder when 6071 is divided by 834?
233
What is the remainder when 4665 is divided by 12?
9
Calculate the remainder when 58093 is divided by 58.
35
What is the remainder when 59336 is divided by 24?
8
Calculate the remainder when 23788 is divided by 128.
108
What is the remainder when 1570 is divided by 133?
107
What is the remainder when 3072 is divided by 14?
6
What is the remainder when 4077 is divided by 820?
797
What is the remainder when 9941 is divided by 249?
230
Calculate the remainder when 2845 is divided by 946.
7
Calculate the remainder when 5049 is divided by 1637.
138
Calculate the remainder when 36076 is divided by 7172.
216
What is the remainder when 29851 is divided by 59?
56
Calculate the remainder when 3044 is divided by 34.
18
What is the remainder when 728 is divided by 354?
20
Calculate the remainder when 57880 is divided by 28938.
4
What is the remainder when 754 is divided by 444?
310
What is the remainder when 57930 is divided by 15?
0
Calculate the remainder when 11774 is divided by 1431.
326
What is the remainder when 791 is divided by 59?
24
Calculate the remainder when 758 is divided by 589.
169
Calculate the remainder when 4911619 is divided by 27.
22
What is the remainder when 27325 is divided by 16?
13
What is the remainder when 6031 is divided by 53?
42
What is the remainder when 3201 is divided by 330?
231
What is the remainder when 236208 is divided by 31?
19
Calculate the remainder when 1448 is divided by 303.
236
What is the remainder when 4390 is divided by 2131?
128
Calculate the remainder when 16035 is divided by 5024.
963
What is the remainder when 46370 is divided by 11373?
878
Calculate the remainder when 18589 is divided by 364.
25
Calculate the remainder when 375879 is divided by 105.
84
Calculate the remainder when 3517256 is divided by 37.
36
What is the remainder when 426427 is divided by 85?
67
Calculate the remainder when 11948 is divided by 19.
16
Calculate the remainder when 48219 is divided by 16068.
15
Calculate the remainder when 21952 is divided by 7106.
634
Calculate the remainder when 26426 is divided by 13210.
6
What is the remainder when 541858 is divided by 10?
8
What is the remainder when 3542549 is divided by 2392?
2389
What is the remainder when 794580 is divided by 107?
105
What is the remainder when 162842 is divided by 312?
290
What is the remainder when 77903 is divided by 213?
158
Calculate the remainder when 30150 is divided by 5.
0
What is the remainder when 49060 is divided by 691?
690
Calculate the remainder when 60034 is divided by 21.
16
Calculate the remainder when 643 is divided by 31.
23
What is the remainder when 768908 is divided by 249?
245
What is the remainder when 715439 is divided by 8?
7
What is the remainder when 26887 is divided by 4832?
2727
Calculate the remainder when 64379 is divided by 64367.
12
Calculate the remainder when 38753 is divided by 107.
19
Calculate the remainder when 6481 is divided by 840.
601
Calculate the remainder when 284950 is divi